t is k(11)?
7
Let g(r) = 13*r + 2 + 12*r - 37*r + 16 + 11*r. Calculate g(-6).
24
Suppose -4*h = 2*s - 70, 0 = -0*h + 4*h + 3*s - 71. Let d(i) = 7*i - 123. Let w be d(h). Let q(b) = b**3 + 2*b**2 + b - 2. Calculate q(w).
-38
Let s = 397 - 329. Let a = -67 + s. Let r(k) = -7*k**3 + k**2 + k - 1. Determine r(a).
-6
Let u(a) = -3*a + 3. Let z(n) = 22*n - 156. Let g be z(7). Give u(g).
9
Suppose k + 272 = 4*n, -7*k + 118 = 2*n - 3*k. Let f = 62 - n. Let j(q) = q**3 + 6*q**2 + 8*q + 6. Calculate j(f).
-9
Let o be (-8 - (-3 - 2))*(-4 - 40/(-12)). Let g(c) be the first derivative of -21 - c - 1/2*c**o. Give g(1).
-2
Let g(l) = -l**3 - 5*l**2 + 3*l - 6. Let z be g(-6). Let m(v) be the first derivative of v**2/2 - 11*v + 18952. What is m(z)?
1
Suppose z - 3 = r, 19*r + 48 = -5*z + 15*r. Let x(y) = -y**2 + 3*y - 6. Let a(g) = -3*g**2 + 7*g - 13. Let i(p) = -2*a(p) + 5*x(p). Determine i(z).
8
Let r(a) be the first derivative of -a**2/2 + a - 1. Suppose 0 = -3*w + 8*w - 7*u - 22, 4*w = 2*u + 14. Calculate r(w).
-2
Let b = 5008/3 - 1669. Let a(h) be the first derivative of b*h**3 + 3*h**2 - 12 + 7*h. Determine a(-6).
7
Let r(q) be the second derivative of -1/3*q**3 + 2*q - 1/20*q**5 + 5/2*q**2 - 5/12*q**4 - 8. Give r(-4).
-3
Let w(j) = -j**3 + j**2 + 4*j - 1. Let d(r) = r**2 + 14*r + 7. Let v be d(-6). Let c = -41 - v. Suppose 3*h + 0 = -4*t + 9, c = -3*t. What is w(h)?
-7
Let x be 432/(-126)*(-168)/36. Let n(o) = o**2 - 20*o + 4. Calculate n(x).
-60
Let u(w) = -w**3 - 4*w**2 - 3*w. Let i = -1694 - -1690. Calculate u(i).
12
Suppose 0 = 3*b + 5*m + 5222 - 5218, -b = -m - 4. Let i(c) = -62*c - 2. Calculate i(b).
-126
Suppose 8 = 18*j - 10*j. Let u(t) = -t**3 + 517*t - j - 3*t**2 - 515*t + 3*t**2. Suppose c = -0*c - 3. Calculate u(c).
20
Let x(k) be the third derivative of -k**5/60 - k**4/12 + 5*k**3/3 - 6*k**2 + k. Let n(y) = -y + 6. Let d(s) = -3*n(s) + 2*x(s). Determine d(5).
-53
Let g(t) = -2*t**3 + 26*t**2 - 5*t + 31. Let n(z) = -z**3 + 11*z**2 - 2*z + 15. Let y(w) = 4*g(w) - 9*n(w). Calculate y(-6).
-35
Let i(p) = -4*p - 15. Let j(r) = -3*r + 24. Let q(o) = -3*i(o) + 2*j(o). Give q(-14).
9
Let p(x) = -4 + 4*x**3 - 2*x**2 - x**3 + 6*x - 6*x**3 - 26*x + 19*x. Calculate p(3).
-106
Suppose 15953*m - 15941*m - 240 = 0. Let d(t) = -t**3 + 20*t**2 + 6*t - 125. Determine d(m).
-5
Let y(w) = -w**3 + 14*w**2 - 31*w - 26. Let n(p) = 2*p**2 - 5*p - 122. Let z be n(-7). Determine y(z).
-4
Suppose 32*o - 6670 = -1302*o. Let u(q) = -q**2 - 37*q + 4. Let m(t) = 9*t - 1. Let l(i) = 9*m(i) + 2*u(i). Calculate l(o).
-16
Let m(k) = 7*k - 46. Let p(s) = -7*s + 47. Let j(v) = 3*m(v) + 4*p(v). Let u be j(7). Let o(i) = -9*i + 1. Calculate o(u).
-8
Let u(z) be the second derivative of -z**5/20 + z**4/4 + 13*z**3/6 - 23*z**2/2 - 53*z + 1. What is u(5)?
-8
Let q = -60 + 62. Suppose 4*c + q = 10. Let z(g) = 7*g - 2. Give z(c).
12
Let x(y) = -14*y**2 - 75*y + 61. Let q(j) = -19*j**2 - 94*j + 60. Let z(r) = 3*q(r) - 4*x(r). Calculate z(10).
16
Let y be 12/(-27) - ((-402)/(-54)*-1 + 4). Let o(t) = 16*t - 9. Calculate o(y).
39
Let c = 1462 - 1469. Let j(n) = -14*n + 5. Determine j(c).
103
Let a(x) be the second derivative of x**4/12 + x**3/6 - 8*x**2 - 7635*x. Calculate a(2).
-10
Let h(z) = -5*z + 45. Let k(o) = -2*o + 20. Let q be k(5). Let s be h(q). Let w(r) be the first derivative of r**3/3 + 2*r**2 - 5*r - 33. Give w(s).
0
Let y(z) be the third derivative of 4*z**2 + 1/6*z**3 + 1/24*z**4 + 0*z + 0. Let w be 36/2*(-2)/6. Calculate y(w).
-5
Let k(f) = 16*f + 8. Suppose 64 - 74 = 2*p, 3 = 2*d - 3*p. What is k(d)?
-88
Let r(l) = 2*l**2 - 23. Let o(z) = 4*z**2 - 47. Let p(t) = -2*o(t) + 5*r(t). Let n be p(3). Let s(i) = i**3 + 5*i**2 - i + 3. What is s(n)?
24
Let i(w) be the second derivative of -w**5/20 - 4*w**4/3 + 28*w**3/3 - 11*w**2 - 226*w. Let a be i(-19). Let q(h) = -h**3 - h**2 - h - 1. Determine q(a).
20
Let c = -21 + 22. Let i be 5/45 - c/9. Let t(s) = i*s - 2 + 2 + 3*s - 3. Give t(6).
15
Let m(k) = 3*k**2 + 2*k - 17. Let q(a) = a**2 - 5*a - 1. Let t(n) = -m(n) + 4*q(n). Give t(21).
-8
Let p(t) = -11*t**2 - 2*t - 4. Let w(s) = s**3 - 3*s**2 - 32*s + 26. Let r be w(7). Give p(r).
-44
Suppose -3*d = 4*q + 2*d - 78, 3*q + 2*d = 62. Suppose s + q = 27. Let y(g) = g**2 - 5*g + 5. Determine y(s).
5
Let z(p) = -p**2 - 2*p. Let h(y) = y**3 + 16*y**2 + 27*y - 10. Let u be h(-14). Let m(r) = -5*r**2 - 6*r + 3. Let s(i) = u*z(i) - m(i). Calculate s(3).
0
Suppose -4*v - 2 = 2*o, -v + 4*o - 5 = -9. Let r(b) = -b**2 + 16. Let x(s) = -3*s**2 + 47. Let n(k) = -8*r(k) + 3*x(k). Give n(v).
13
Let y(l) = -4*l + 3*l + 3 - 7. Let j = 453 + -783. Let v = j - -327. What is y(v)?
-1
Let a(j) = -j - 2 - 13*j**2 + 1 - j**3 - 1 - 4. Let u be a(-13). Let k(t) = t - 2. Let v(w) = 15*w - 33. Let i(m) = -18*k(m) + v(m). Determine i(u).
-18
Let t(f) = 13*f - 15*f + 3022453 - 3022506. Give t(-30).
7
Let l(u) = 2 + 1489*u - 8 - 2977*u + 1487*u - 6. Determine l(6).
-18
Let c(d) = d**3 + 3*d**2 - 4*d - 5. Let u = 67 - 54. Let h = u + -8. Suppose -12 = -2*j - h*r + r, -21 = -j - 5*r. What is c(j)?
-5
Let b = -19211 + 19202. Let j(f) = -2*f + 23. Let o(l) = -3*l + 45. Let s(z) = -5*j(z) + 3*o(z). Give s(b).
11
Let b(q) = -11*q**2 + 14*q - 11. Let c(f) = 9*f**2 - 10*f + 11. Let p(s) = -5*b(s) - 6*c(s). Let u = 511 - 502. Calculate p(u).
-20
Let x(z) = -z**3 + 11*z**2 + z + 1. Let a be x(11). Let g = -28 + 17. Let f be g + a - ((-3 - -2) + 5). Let u(m) = 2*m - 1. What is u(f)?
-7
Suppose -3*w + 2*a - 8 = 0, 2*w + 3*w + 3*a = -26. Let o be (2 - 4)/w*6. Let k(g) = -o*g**2 + 10*g + 4*g**2 + 0 - 7*g + 3. What is k(-3)?
3
Suppose -2*h - 6*p + 2*p = -66, 170 = 5*h + 5*p. Let m(j) = h*j**3 + 2*j + 6*j - 34*j**3 - 7*j**2. Give m(6).
12
Let i(p) = p**3 - 2 + 6*p**2 - 2*p**3 - 6. Suppose t + 2*d - 627 + 232 = 0, -t = -5*d - 360. Let l = t - 379. Give i(l).
-8
Let z(v) = -1 + 26811462*v**2 + v**3 - 26811462*v**2. What is z(1)?
0
Let x(b) = 4*b + 18. Let i(m) = m**2 - 49*m + 107. Let w be i(47). Let l be 2*-4 - (-12 + -4 + w). Give x(l).
-2
Let v be -4 + -1 + 5/1. Let b(p) = v*p**2 + 1892 + 0*p**3 - 6*p**2 - p**3 - 1883 + 9*p. Calculate b(-7).
-5
Let d(l) = l**3 - 8*l**2 + 10*l - 21. Let g be d(7). Suppose 4*q - 3*x - 473 = g, -x + 120 = 2*q - q. Let y(i) = 130*i**3 - 3*i - q*i**3 - 1 + 4*i. Give y(1).
11
Let s(o) = 28*o - 112. Let f be s(4). Let x(z) = -9 - 1 - 3*z - z + 2. Let w be x(f). Let c(d) = d**2 + 7*d - 7. Give c(w).
1
Let d(o) = 30*o**3 - 392*o**2 + 22*o + 32. Let s be d(13). Let i(c) = -2*c**2 - 42*c - 29. Give i(s).
11
Let u = -3683 - -3687. Let o(l) be the first derivative of 1/4*l**u - 13 - 7/3*l**3 + 1/2*l**2 - 7*l. Determine o(7).
0
Let m = -8 + 16. Suppose -3*q + 7*q + l - 20 = 0, -4*q + 2*l = -8. Suppose q = m*d - 52. Let r(i) = i**2 - 6*i - 6. What is r(d)?
1
Suppose 0 = -2*x + 3*x - 4. Let c(p) = -1 - 3*p + 2*p + 748*p**2 + 2*p - 747*p**2 - x. Determine c(4).
15
Suppose -332*d - 3653 = -51*d. Let q(r) = -r**2 - 34*r - 279. Determine q(d).
-6
Suppose -2*m + a + 3 = 0, -5*m + 2*m = -a - 2. Let t(n) = n - 6 - 2*n**2 - 3 + 3 + n**2. Let f(d) = d + 1. Let h(i) = m*t(i) - 5*f(i). Give h(4).
-7
Let w(p) = 6905 - 20727 + 6904 + 6912 + 10*p. Give w(-8).
-86
Suppose 0 = 65*v - 69*v. Let l(a) be the first derivative of -1/4*a**4 - 1/2*a**2 + 1/3*a**3 - a + 17. Give l(v).
-1
Let q(z) = -z**3 + z**2 + 12*z + 17. Let f(d) = -49*d - 1080. Let y be f(-22). Determine q(y).
5
Let y(p) be the second derivative of -p**6/120 - p**5/10 - 7*p**4/24 - p**3/3 - 193*p**2/2 - 248*p. Let j(n) be the first derivative of y(n). Give j(-5).
8
Let d(a) = -397229*a - 397228*a + 794462*a. Let q = 9 - 6. Give d(q).
15
Let x(i) = -i**3 + 16*i**2 + 18*i. Suppose -578 = 177*h - 211*h. Give x(h).
17
Let a = 4 + 29. Let u = -31 + a. Suppose -2 + 0 = u*l. Let d(q) = -q**2 - 2*q - 1. Give d(l).
0
Let s(k) be the second derivative of -k**5/20 - 13*k**4/12 - 14*k**3/3 - 3*k**2/2 - 2*k + 1362. Give s(-10).
-23
Let w(l) be the second derivative of l**4/6 + l**3/2 + 9*l**2 + 121*l + 1. Determine w(-3).
27
Let v(b) = -5*b**2 - 75*b - 189. Let u be v(-3). Let m(j) = -5*j + 23. Give m(u).
68
Let l(c) = -2*c**2 + 129*c + 1086. Let q be l(72). Let v(h) = 17*h - 110. Give v(q).
-8
Let y(h) = 1 - 2*h + h + 5*h**2 + 4 - h**3. Suppose 0 = -2*f + 3*u + 40, 